x(o) = -o**3 + 19*o**2 - 46*o - 18. Let b be x(16). Let n(i) = -i**2 + 39*i - 55. Is n(b) a composite number?
True
Is (-64)/96 + 2959323/9 a composite number?
False
Let p(z) = -4*z**2 - 21*z + 14. Let c be p(-6). Is (-4206)/c*(-11 + 385/33) a composite number?
False
Let p = -176 + 120. Let y = -9 - p. Is y a prime number?
True
Suppose -42003 = -9*x + 149508. Let j = x - 15140. Is j a composite number?
True
Suppose -7*c + 2*c = 3*i - 27, -c + 11 = 2*i. Let b(g) = 330*g**c + g + 2 + 5*g**2 - 6*g**2 - g**2. Is b(1) prime?
True
Suppose 3*r + 5*q = 4, -4*q = -3*r + 1 - 15. Let d(k) be the second derivative of -10*k**3 - 9*k**2/2 + k. Is d(r) prime?
False
Let n = 184 + -184. Suppose 96*o - 85*o - 63811 = n. Is o prime?
True
Let z = 406948 + -69389. Is z a prime number?
False
Let g = 268689 - 119594. Is g a composite number?
True
Suppose -591729 - 1438070 = -32*a - 375975. Is a prime?
False
Let n be (-4 - (-1 + -3))/2. Suppose u - 150 = -5*w - 27, -4*u - 5*w + 462 = n. Is u prime?
True
Suppose 87250 = 3*w + 4*y, w - 3*y - 29100 = -y. Suppose -5*z + w = -20945. Is z prime?
True
Let u = -8088 - -1975. Let g = u + 10266. Is g composite?
False
Let m(u) = -4*u**2 - 12*u - 10. Suppose -5*p + 5*o = -30, 2*o - 1 - 1 = 0. Let a be m(p). Let d = 225 - a. Is d a prime number?
False
Suppose -t = -144283 - 196848. Is t a prime number?
False
Suppose 34*a - 31*a = 12, 0 = 3*i + 4*a - 488395. Is i a prime number?
False
Suppose -46*s - 179466 = -67*s. Is s a composite number?
True
Suppose 16*i - 6611175 = -17*i - 42*i. Is i a composite number?
True
Let z(d) be the first derivative of d**3 - d**2/2 - 2*d - 18. Let k be z(-9). Suppose h - k = 81. Is h prime?
True
Let t(s) = 1224*s + 265. Is t(61) a composite number?
False
Is 3/7 - 1240/20*8494/(-7) composite?
True
Suppose 0 = -11*f - 4 + 4. Suppose f = 5*s - 3*o - 27 + 95, 0 = -o - 4. Is -2559*(3 + s/4) a composite number?
True
Suppose 0 = 15*d - 2*d - 260. Is 38085/(-6)*(-1 - (-12)/d) prime?
True
Let q(s) = -s**3 + 2*s + 73. Let i be q(0). Let u = 77 - i. Suppose -u*y + 2*f + 9785 - 1135 = 0, 5*f - 10790 = -5*y. Is y a prime number?
True
Let n = 24583 - 11410. Is n a prime number?
False
Suppose 5*l = -299*p + 295*p + 180555, 3*l = 4*p + 108301. Is l prime?
True
Let f = -1250631 - -2579408. Is f a composite number?
False
Let q = -88228 + 151865. Is q composite?
True
Let d be -2*(1/4 + 1812/(-16)). Let p = -97 + d. Suppose -p*j + 133*j = 2788. Is j a prime number?
False
Let t(z) = 26*z**2 + 10*z - 41. Let q(d) = 2*d + 50. Let y be q(-20). Let i(a) = 5*a - 41. Let b be i(y). Is t(b) composite?
True
Suppose 5*b - 13*s - 7696037 = -17*s, 3*b - 4617611 = -s. Is b a prime number?
False
Suppose 0 = 4*a - 7*a - 5*f, 3*f + 28 = a. Suppose -3*p - 1 = -4*o - 0*p, -5*o - 4*p = -9. Is o - 1 - (a + -269) prime?
False
Suppose 36*p + 116835 = 21*p + 18*p. Is p composite?
True
Suppose -5*c - 2*c = 9863. Let z = -292 - c. Suppose 3*h = 2*h + z. Is h a composite number?
False
Let l(m) = -4*m + 6. Let g be (0*2/8)/(-2). Let y be l(g). Suppose -5430 = y*p - 12*p. Is p a prime number?
False
Is 3*2330317/132 - ((-36)/16 - -3) a prime number?
False
Suppose 0 = 219*a - 214*a - 35, 238529 = j + 6*a. Is j a composite number?
True
Suppose n = 2*c + 1, -2*c + n + 3 = 4*n. Suppose 3*x - 5580 + 183 = c. Let h = 5256 - x. Is h prime?
True
Suppose -3*f + 7*f = -40. Let t be (-70)/(-28)*8/f. Let b(i) = 119*i**2 + 4*i - 1. Is b(t) composite?
False
Let f = 10 - -95. Let u = f + 1742. Is u a prime number?
True
Let q = 278 - -16. Suppose -288*c + q*c - 92238 = 0. Is c a composite number?
False
Suppose -2*t - 4*u + 8 = 0, -6*u + 3*u - 9 = 4*t. Let s be 4/((-8)/5) - t/(-4). Is (5/s)/(3 + 2138/(-712)) composite?
True
Suppose -20*a - 9*a + 723606 = 49*a. Is a a prime number?
True
Let l = 398 + -410. Is ((-13484)/(-6))/((-1)/(l/8)) a composite number?
False
Let o(g) = -46238*g - 99. Is o(-7) prime?
True
Suppose -7*h + 16328 + 8045 = 3*m, -8133 = -m + 2*h. Is m a composite number?
True
Suppose 0 = -0*v + v - 119. Let k = -255 + 531. Let s = k - v. Is s prime?
True
Suppose 0 = -2*o - 9 + 1. Let n be (84436/(-8) + (-2)/o)/(-1). Suppose -6*y + n = -0*y. Is y a composite number?
False
Let o = 6 - -23. Let l = o + 122. Let j = 282 - l. Is j a composite number?
False
Let n = -122265 - -224634. Is n a prime number?
False
Suppose 5*g - 274 - 246 = 0. Suppose q - 6 = g. Let h = q - 103. Is h prime?
True
Let n(z) = -3*z**2 - 8*z - 4. Let v(l) = -6*l**2 - 16*l - 7. Let g(o) = -5*n(o) + 2*v(o). Let p be (-5)/15 + 100/(-15). Is g(p) prime?
True
Let o = 302 + -302. Let x(c) = -6*c + 407. Is x(o) prime?
False
Let o(w) = -w - 6*w + 8*w + w**2. Let j(p) = -32*p**2 - 12*p - 19. Let t(v) = -j(v) - o(v). Is t(10) composite?
False
Suppose 3*y - 4*y + 93 = 3*p, 3*p = -2*y + 93. Suppose -p*a + 4721 = -8268. Is a a prime number?
True
Suppose 2*z - 45 + 3 = 0. Suppose b - 8*b = -z. Suppose 2*p = b*v + 2924, 0*p + 4*v - 2938 = -2*p. Is p prime?
False
Let w be (-2)/(-3 - -1) - (-192)/48. Suppose w*l = -7*n + 9*n + 1918, 0 = 4*l - n - 1532. Is l composite?
True
Suppose 117 - 97 = 5*t, -3*t = -3*i + 1293699. Is i a composite number?
False
Let i(t) = 8*t**2 + 3 - 45*t - 5 + 6 + 5 - 4. Is i(-8) prime?
True
Let y = -114 - -63. Let h = -20 - -129. Let v = h + y. Is v prime?
False
Suppose -2*h - 5*p + 782987 = 0, 0 = 2*h - 3*p + 4*p - 782951. Is h a prime number?
False
Suppose -554 = k - 3*q, 4*k + 2*q + 2063 = -209. Let y be k/1*156/(-24). Is y/6 - 1/6 a composite number?
False
Let i(m) = -m + 9. Let g = -38 + 42. Let d be i(g). Suppose 10 = 6*k - 11*k, d*k - 462 = -4*q. Is q a composite number?
True
Suppose 25*j + 4623592 = 33*j. Is j a composite number?
True
Suppose 0 = -2*d - 8, 3*d - 4 = b + 2*d. Let a be 6/b + 14102/8. Let z = a + -585. Is z a composite number?
True
Suppose -4*p - 19 = 3*a, -a - 3 = -3*p - 14. Let x be ((-2)/6 - a) + (-91)/(-21). Suppose -x*b - 3832 = -3*c + 606, 4*c - 5904 = 4*b. Is c composite?
False
Suppose -61*g + 59*g + 4 = 0, -s + 283155 = -2*g. Is s a composite number?
False
Let i be -2*1 + 175*6. Suppose -x = -228 + 226, 5*x = -4*z + 142. Suppose -z*f = -41*f + i. Is f a composite number?
False
Suppose -9*n = -12*n + 2*s - 30, 0 = 3*s - 9. Let x(a) = 63*a**2 - 14*a - 33. Is x(n) prime?
True
Let u = -41 + 49. Let t(d) = -2*d - d**3 - 14*d**2 - 1 - 1 + 12*d**2 - u*d. Is t(-5) a prime number?
False
Is 537059 - (12 - ((-99)/11 - -11)) a composite number?
True
Let u = -26 - 21. Let o = u - -50. Suppose 0 = -o*k + 805 - 142. Is k prime?
False
Let a = 348 - 142. Let f be 22/77 - a/(-14). Is (f/5 - 5) + 117 a composite number?
True
Let y(c) = 124*c**2 + 21. Let s be y(6). Suppose 20*a - s = 25*a. Let t = -218 - a. Is t a composite number?
True
Suppose -11*l = -208708 + 10257. Is l a prime number?
True
Let l be (4/3)/(-8 - (-182)/21). Suppose -3*u + 24301 = -2*v - l*v, v + 40479 = 5*u. Is u composite?
True
Let r(z) be the second derivative of z**5/20 - 2*z**4/3 + z**3/6 + 17*z**2/2 - 7*z. Let y be r(8). Is y + (2 + -1 - 3) composite?
False
Suppose 3*o = -5*z + 239088, 4*z + 133498 = 5*o - 264871. Is o composite?
True
Let g(i) = 85*i**3 - 18*i**2 + 69*i - 23. Is g(13) composite?
False
Let n = 95 + -92. Suppose -4*g + g + 54149 = 5*t, 4*t = n*g - 54167. Is g a composite number?
True
Suppose 2856081 = 3*u + 5*w, 87*w = 2*u + 92*w - 1904044. Is u a composite number?
False
Suppose 0 = -8*o + 17*o - 45. Let w(i) = 541*i**2 - 26*i + 20. Is w(o) composite?
True
Let j(w) = -2*w**3 + 50*w**2 + 568*w + 103. Is j(-65) composite?
True
Suppose 21*c - 1788242 - 1709119 = 0. Is c prime?
True
Suppose 82*k - 129*k + 1676537 = 0. Is k prime?
True
Let p(j) = -68549*j + 5006. Is p(-3) a composite number?
True
Let b = -25397 - -42894. Is b composite?
False
Let p(z) = z**2 - 10*z + 13. Let a be p(16). Suppose 237 - 162 = 3*f. Is (-15)/(f/(-5)) - (1 - a) a composite number?
True
Suppose k + 18*r - 469935 = 22*r, 5*k - 2*r - 2349639 = 0. Is k composite?
True
Let u(g) = 11*g**2 - 13*g + 25. Let n(p) = 11*p**2 - 12*p + 26. Let w(s) = 5*n(s) - 4*u(s). Is w(-9) a prime number?
False
Suppose 32080758 - 5071286 = 64*t. Is t prime?
False
Let s(j) = 789*j + 22. Let i = 8 - 5. Is s(i) a prime number?
True
Let o(u) = 5*u - 16. Let z(q) = -q**3 + 2*q**2 + 3*q - 4. Let l be z(-3). Suppose l + 16 = 8*w. Is